5 is divided by i(5).
6
Let z(y) = y + 8. Suppose 0 = 3*q + 9, 9 = -4*m + 3*q + 54. Calculate the remainder when 67 is divided by z(m).
16
Let b(x) = -x**3 - 9*x**2 + 5*x. Let m(c) = c**3 + c**2 + 1. Let g(i) = -b(i) - 2*m(i). Let d = -14 + 20. What is the remainder when 7 is divided by g(d)?
3
Let v(j) = 3*j - 1. Let b be v(-13). Let z = 58 + b. Calculate the remainder when z is divided by 0 - -9 - (-1)/1.
8
Let u = 6 - 6. Suppose -3*h + u*h = -51. Let g = 21 + 11. What is the remainder when g is divided by h?
15
Let a(i) = i + 9. Suppose g = 2*g. What is the remainder when a(g) is divided by (8 - 2)/1 - (11 - 10)?
4
Let m = 28 + -2. Calculate the remainder when 45 is divided by m.
19
Suppose -16 = 4*g - 8*g. Let q(u) = 3*u. Calculate the remainder when q(g) is divided by (-1)/3 - (-44)/6.
5
Let y(c) = -12*c**3 + 2*c**2 - c - 2. Suppose 4*a - 130 = 3*u, -5*a + 2*a - 4*u + 110 = 0. What is the remainder when a is divided by y(-1)?
8
Calculate the remainder when -236*((-20)/16)/5 is divided by 15.
14
Let t(m) = 4*m - 14. Suppose 3*x = 3 + 3. Suppose -4*d + 4*a = -0*a - 80, -x*a = -d + 22. Calculate the remainder when d is divided by t(6).
8
Let j = -165 - -408. Calculate the remainder when j is divided by 61.
60
Suppose -4*x + 2*f = -20, 3*x + 2 = 4*x - 2*f. Let u(g) = -g + 7. Calculate the remainder when 1 is divided by u(x).
0
Let x = 111 + -49. Calculate the remainder when x is divided by 13.
10
Let k(w) = 7*w**2 - 4*w - 6. Let o(u) = -13*u**2 + 7*u + 11. Let h(p) = -11*k(p) - 6*o(p). Calculate the remainder when h(-5) is divided by 6.
3
Suppose d + 10 = 77. What is the remainder when d is divided by 14?
11
Let h = -4 - -6. Suppose -4*u = -h*u - 58. Calculate the remainder when u is divided by 10.
9
What is the remainder when 4/(-5)*(-375)/6 is divided by 13?
11
Let a = -2 + 6. Suppose -25 = -5*m - a*d + 14, 5*d = 2*m - 9. Calculate the remainder when 11 is divided by m.
4
Let y be 32/(-10)*(3 - 8). Let z = y - 5. What is the remainder when 21 is divided by z?
10
Suppose -6*k + 4*k + 8 = 0. Suppose 0 = -3*d + 6*f - f + 40, 2*f = k*d - 58. Calculate the remainder when d is divided by 4.
3
What is the remainder when 30 is divided by 8/2*(6 + -2)?
14
Let u(g) = -6*g + 2 - 3*g + 0*g**2 - 4*g**3 - 9*g**2 + 3*g**3. Let b(a) = -a - 4. Let o be b(4). What is the remainder when u(o) is divided by 4?
2
Let a = -3 + 7. Suppose -4*f - 92 = -2*g, -g + a*f - 5 + 41 = 0. Suppose -19 = -s - b, -2*b = 5*s - 8 - 87. What is the remainder when g is divided by s?
18
Let n = -5 + 10. Suppose -2*d = 3*z - 130, 5*z - n*d = -34 + 234. Suppose -4*a = 4, 2*g - a = 5*g - 32. Calculate the remainder when z is divided by g.
9
Let y(f) = -6*f - 2. Let d(l) = 6*l + 2. Let s(o) = 4*d(o) + 3*y(o). Let n be s(6). Suppose 0 = -5*x + 3*x + n. What is the remainder when x is divided by 7?
5
Let m = 81 - 49. Let z = -36 + 16. Let y = m + z. What is the remainder when 34 is divided by y?
10
Let r be 80/14 + (-6)/(-21). Suppose -4*k = -3*s + 10, 5*s + 4*k + 0*k - 6 = 0. Suppose s*a = 3*a - r. What is the remainder when 17 is divided by a?
5
Let t be 2/3 + (-4)/(-3). Suppose -3 = -d - t. Suppose 0 = 2*c - 4*a - 70, 3*c + d = 5*a + 106. What is the remainder when c is divided by 12?
11
Suppose 13 - 52 = -3*d. Suppose 0 = 3*y - d - 5. Suppose -x = 2*u - 4*u - y, 5*u = 0. Calculate the remainder when x is divided by 4.
2
Let i be (4 - 13) + 2 + 1. Let u = i - -33. Calculate the remainder when u is divided by 2/(-3) + (-46)/(-6).
6
Let w(l) = 3*l - 18. What is the remainder when 34 is divided by w(12)?
16
Let j = 34 + -20. Suppose -u = -16 - j. Calculate the remainder when u is divided by ((-30)/25)/(6/(-80)).
14
Suppose -5*l + 5*y = -40, 3*y - 5*y - 22 = -3*l. What is the remainder when 16 is divided by l?
4
Let w(y) = y**3 + 4*y**2 + 5. Calculate the remainder when (60/(-75))/((-1)/15) is divided by w(-4).
2
Let s(t) be the second derivative of t**4/12 + 7*t**3/6 + 3*t**2 - t. Let f be s(-6). Let i = f - -5. What is the remainder when 8 is divided by i?
3
Let j(x) = -5 + 3 + 0*x**2 - x - 2*x**2 - 2*x**3. Let r be j(-2). Suppose -57 = 5*y - r*y. Calculate the remainder when y is divided by 10.
9
Suppose -2*i + 127 = -163. What is the remainder when i is divided by 37?
34
Let u = 20 + -14. Calculate the remainder when 15 is divided by u.
3
Suppose -4*y + 0 = v - 4, 0 = 3*v + 2*y - 2. Suppose q + 3*p - 6 = v, -4*q - 3*p - p = -64. What is the remainder when q is divided by 6?
3
Let p(a) = -a**2 + 4*a + 2. Let l be p(-3). Let q = 6 - l. What is the remainder when q is divided by 9?
7
Let t be (-2)/(-6) + 28/6. What is the remainder when 30 is divided by 84/t + (-8)/10?
14
Let j = -10 + 25. What is the remainder when 43 is divided by j?
13
Suppose -3*a = -7*b + 4*b + 48, a + 100 = 5*b. Suppose -b = -3*k + 51. What is the remainder when 70 is divided by k?
22
Let i(c) = c**2 + 4*c - 6. What is the remainder when 101 is divided by i(-8)?
23
Let c(m) = 8*m**2 + 4. Let n(s) = 15*s**2 - s + 7. Let v(x) = -5*c(x) + 3*n(x). Calculate the remainder when v(3) is divided by 13.
11
Suppose 2*t = -4*t + 24. Suppose 5*j + 44 = 2*c + 163, t*c + 13 = j. What is the remainder when j is divided by 9?
7
Let z(p) = p**2 + 14*p + 17. Let j be z(-13). Suppose -3 = -y + j. Calculate the remainder when 13 is divided by y.
6
Let c(x) = -x**3 - x**2 - 2*x + 46. Let i be c(0). What is the remainder when i/(-3)*(-5 - -2) is divided by 24?
22
Suppose 0 = -0*g - 3*g. Suppose k = -g*k. Suppose k = 7*t - 6*t - 14. Calculate the remainder when 54 is divided by t.
12
Let m(b) = -10*b - 21. What is the remainder when m(-11) is divided by 46?
43
Let z(t) = t + 1. Calculate the remainder when z(9) is divided by 0 - 2*1*-2.
2
Suppose 0 = -4*x + 20 + 104. What is the remainder when x is divided by 8?
7
Suppose 42*g = 46*g - 36. Calculate the remainder when g is divided by 3/(2 + 1) + 2.
0
Suppose 145 = -2*c + 7*c. What is the remainder when c is divided by 8?
5
Let k be 328/15 + 2/15. Suppose -k = 2*n - 46. What is the remainder when 32 is divided by n?
8
Let n(h) = -h**3 - 2*h**2 - 2*h - 1. Let r be n(-2). Suppose -4*u - 25 = -p, p + r*u = -u + 1. What is the remainder when 38 is divided by p?
12
What is the remainder when (-4)/34 - (4 + (-1950)/102) is divided by 6?
3
Let f(t) = t**2 + 6*t + 19. What is the remainder when f(0) is divided by 3?
1
Suppose 0 = 17*m - 22*m + 955. What is the remainder when m is divided by 15?
11
Suppose -3*h = l - 6, -l - 9 = 2*l. Suppose d = 1, f + 25 = 5*f - h*d. Calculate the remainder when 12 is divided by f.
5
Let r be 9/4*12/(-3). Let n = -35 - -70. Calculate the remainder when n is divided by 2 + (-30)/r*3.
11
Suppose 5*y = -2*n + 103, -4*y + 96 = 6*n - n. What is the remainder when 56 is divided by y?
18
What is the remainder when 13 is divided by ((-32)/12)/(-8)*12?
1
Suppose 3*j - 4*m - m - 122 = 0, 5*j + m - 250 = 0. Suppose 2*h + 3*y = -71, 2*h + 53 = 2*y + y. Let o = h + j. What is the remainder when 52 is divided by o?
16
Suppose 24 - 87 = -7*x. What is the remainder when 17 is divided by x?
8
Let c = -29 + 37. Calculate the remainder when 30 is divided by c.
6
Suppose 0 = 3*k + 5 - 62. Suppose -j + k + 0 = 0. Calculate the remainder when j is divided by 7.
5
Let p(w) be the third derivative of -w**4/24 + w**3/6 + 5*w**2. What is the remainder when 15 is divided by p(-8)?
6
Let r(f) = -4*f - 5. What is the remainder when r(-3) is divided by 4?
3
Let v = -11 + 45. Suppose -v = -2*k + 2*q, -2*k + 3*q - 4*q + 28 = 0. Calculate the remainder when k is divided by (-3)/1*(-16)/6.
7
Suppose 5*y = 227 - 2. Calculate the remainder when y is divided by 16.
13
Suppose 2 + 2 = -a + 3*q, 0 = -3*a + 2*q + 2. Suppose 0 = 5*k - 4 - 16. Let t = -3 + k. Calculate the remainder when a is divided by t.
0
Let f(i) = i + 6. What is the remainder when 11 is divided by f(0)?
5
Let x = 46 - 30. Suppose 0*v - 400 = -5*d + 3*v, d + 5*v - 52 = 0. Calculate the remainder when d is divided by x.
13
Suppose 0 = -5*k - 2*t - 92, -k - t - 14 - 2 = 0. Calculate the remainder when 27 is divided by -1*2 - (k - -4).
13
Let d(o) = o**2 - 3*o + 3. Suppose -7*n - 164 = -9*n. What is the remainder when n is divided by d(6)?
19
Let l(j) = j**3 - 4*j**2 - 7. What is the remainder when l(6) is divided by 33?
32
Let q(x